{"id":1325,"date":"2024-02-05T18:37:27","date_gmt":"2024-02-05T17:37:27","guid":{"rendered":"https:\/\/batcamer.com\/?page_id=1325"},"modified":"2024-03-15T03:15:37","modified_gmt":"2024-03-15T02:15:37","slug":"qui-sommes-nous-2","status":"publish","type":"page","link":"https:\/\/batcamer.com\/index.php\/qui-sommes-nous-2\/","title":{"rendered":"Qui sommes nous ?"},"content":{"rendered":"\n<p><strong>LE BATISSEUR CAMEROUNAIS<\/strong> est une entreprise qui vous accompagne dans vos projets de construction neuve, d\u2019extension, de modification, de transformation, de r\u00e9novation et d\u2019am\u00e9nagement int\u00e9rieur et ext\u00e9rieur.<\/p>\n\n\n\n<p>Nous sommes une entreprise de droit camerounais immatricul\u00e9e au REGISTRE DE COMMERCE ET DU CREDIT MOBILIER N\u00b0RC\/DLA\/2019\/A\/2102 et enregistr\u00e9e \u00e0 la CARTE DE CONTRIBUABLE N\u00b0P018612759854H qui a pour corps de m\u00e9tier LA MAITRISE D\u2019\u0152UVRE EN B\u00c2TIMENT ET TRAVAUX PUBLICS<\/p>\n\n\n\n<p>Notre entreprise est \u00e9galement une plate forme constitu\u00e9e de plusieurs entit\u00e9s dispos\u00e9es \u00e0 vous apporter toutes les solutions pour la r\u00e9alisation de votre projet de construction de A \u00e0 Z<\/p>\n\n\n\n<h2 class=\"wp-block-heading has-text-align-center\">Pourquoi nous choisir ?<\/h2>\n\n\n\t\t<div class='wp-block-bsb-slider  align' id='bsbCarousel-24572964-2' data-attributes='{&quot;cId&quot;:&quot;24572964-2&quot;,&quot;sliders&quot;:[{&quot;img&quot;:{&quot;id&quot;:1289,&quot;url&quot;:&quot;https:\\\/\\\/batcamer.com\\\/wp-content\\\/uploads\\\/2024\\\/02\\\/LBC_IM_002_Facade_1.jpg&quot;,&quot;alt&quot;:&quot;&quot;,&quot;title&quot;:&quot;LBC_IM_002_Facade_1&quot;,&quot;caption&quot;:&quot;&quot;},&quot;title&quot;:&quot;Une offre compl\\u00e8te&quot;,&quot;desc&quot;:&quot;LE B\\u00c2TISSEUR CAMEROUNAIS est une entreprise de services avec une offre compl\\u00e8te : conception personnalis\\u00e9e de votre maison, prise en charge des d\\u00e9marches administratives pour la r\\u00e9alisation de votre maison, fourniture des mat\\u00e9riels de qualit\\u00e9, pilotage et contr\\u00f4le des travaux de r\\u00e9alisation\\u2026&quot;,&quot;btnLabel&quot;:&quot;&quot;,&quot;btnUrl&quot;:&quot;https:\\\/\\\/wordpress.org\\\/plugins\\\/b-slider\\\/&quot;,&quot;target&quot;:false},{&quot;img&quot;:{&quot;id&quot;:1316,&quot;url&quot;:&quot;https:\\\/\\\/batcamer.com\\\/wp-content\\\/uploads\\\/2024\\\/02\\\/LBC_VI_024_Facade-4.jpg&quot;,&quot;alt&quot;:&quot;&quot;,&quot;title&quot;:&quot;LBC_VI_024_Facade-4&quot;,&quot;caption&quot;:&quot;&quot;},&quot;title&quot;:&quot;Votre r\\u00eave devient r\\u00e9alit\\u00e9&quot;,&quot;desc&quot;:&quot;Vous avez toujours r\\u00eav\\u00e9 de poss\\u00e9der votre propre maison, un lieu convivial dans lequel vous pourrez vivre des moments agr\\u00e9ables en famille ou entre amis \\u2026, de personnaliser votre habitat afin qu\\u2019il soit \\u00e0 votre image, de profiter d\\u2019un jardin, de pi\\u00e8ces \\u00e0 vivre tout confort dans une maison vous ressemblant\\u2026 La solution est l\\u00e0: LE B\\u00c2TISSEUR CAMEROUNAIS&quot;,&quot;btnLabel&quot;:&quot;&quot;,&quot;btnUrl&quot;:&quot;https:\\\/\\\/wordpress.org\\\/plugins\\\/b-slider\\\/&quot;,&quot;target&quot;:false},{&quot;img&quot;:{&quot;id&quot;:1317,&quot;url&quot;:&quot;https:\\\/\\\/batcamer.com\\\/wp-content\\\/uploads\\\/2024\\\/02\\\/LBC_VI_002_Facade_1.jpg&quot;,&quot;alt&quot;:&quot;&quot;,&quot;title&quot;:&quot;LBC_VI_002_Facade_1&quot;,&quot;caption&quot;:&quot;&quot;},&quot;title&quot;:&quot;Respect des normes&quot;,&quot;desc&quot;:&quot;Pendant la phase de construction, nous surveillons de pr\\u00e8s la r\\u00e9alisation compl\\u00e8te et conforme de votre maison dans le strict respect des normes en vigueur. LE B\\u00c2TISSEUR CAMEROUNAIS est techniquement outill\\u00e9 pour un meilleur suivi de vos travaux de construction.&quot;,&quot;btnLabel&quot;:&quot;&quot;,&quot;btnUrl&quot;:&quot;https:\\\/\\\/wordpress.org\\\/plugins\\\/b-slider\\\/&quot;,&quot;target&quot;:false},{&quot;img&quot;:{&quot;id&quot;:1318,&quot;url&quot;:&quot;https:\\\/\\\/batcamer.com\\\/wp-content\\\/uploads\\\/2024\\\/02\\\/LBC_DU_019_Facade_1.jpg&quot;,&quot;alt&quot;:&quot;&quot;,&quot;title&quot;:&quot;LBC_DU_019_Facade_1&quot;,&quot;caption&quot;:&quot;&quot;},&quot;title&quot;:&quot;Un constructeur qui vous conseille&quot;,&quot;desc&quot;:&quot;Nous mettons un point d\\u2019honneur \\u00e0 vous accompagner, vous conseiller et vous orienter tout au long du processus de la construction de votre maison. LE B\\u00c2TISSEUR CAMEROUNAIS est continuellement \\u00e0 vos c\\u00f4t\\u00e9s pour vous apporter une information d\\u00e9taill\\u00e9e sur les diff\\u00e9rentes possibilit\\u00e9s qui vous sont offertes. Un agr\\u00e9able dialogue s\\u2019instaure pour mieux vous comprendre et r\\u00e9pondre au mieux \\u00e0 vos attentes.&quot;,&quot;btnLabel&quot;:&quot;&quot;,&quot;btnUrl&quot;:&quot;https:\\\/\\\/wordpress.org\\\/plugins\\\/b-slider\\\/&quot;,&quot;target&quot;:false},{&quot;img&quot;:{&quot;id&quot;:1319,&quot;url&quot;:&quot;https:\\\/\\\/batcamer.com\\\/wp-content\\\/uploads\\\/2024\\\/02\\\/LBC_DU_019_Facade_5.jpg&quot;,&quot;alt&quot;:&quot;&quot;,&quot;title&quot;:&quot;LBC_DU_019_Facade_5&quot;,&quot;caption&quot;:&quot;&quot;},&quot;title&quot;:&quot;Un contructeur qui vous comprend&quot;,&quot;desc&quot;:&quot;C\\u2019est parce que la construction d\\u2019une maison repr\\u00e9sente l\\u2019une des \\u00e9tapes les plus importantes de votre vie que nous mettons tout en \\u0153uvre pour vous offrir le meilleur. Nous sommes attentifs aux moindres d\\u00e9tails pour vous apporter une satisfaction optimale : choix des emplacements, qualit\\u00e9 architecturale, mat\\u00e9riaux utilis\\u00e9s, conception des maisons \\u2026&quot;,&quot;btnLabel&quot;:&quot;&quot;,&quot;btnUrl&quot;:&quot;https:\\\/\\\/wordpress.org\\\/plugins\\\/b-slider\\\/&quot;,&quot;target&quot;:false}],&quot;align&quot;:&quot;&quot;,&quot;title&quot;:{&quot;tag&quot;:&quot;h5&quot;},&quot;titleFCaption&quot;:false,&quot;titleAnimation&quot;:{&quot;effect&quot;:&quot;fadeInLeft&quot;,&quot;delay&quot;:0,&quot;duration&quot;:0.7},&quot;descAnimation&quot;:{&quot;effect&quot;:&quot;fadeInRight&quot;,&quot;delay&quot;:0.7,&quot;duration&quot;:0.7},&quot;btnAnimation&quot;:{&quot;effect&quot;:&quot;zoomIn&quot;,&quot;delay&quot;:1.4,&quot;duration&quot;:0.7},&quot;isMouseWheel&quot;:false,&quot;isArrowFollowSlide&quot;:false,&quot;isMouseDrag&quot;:false,&quot;slideInnerGap&quot;:&quot;180px&quot;,&quot;slideInnerGapDevice&quot;:{&quot;desktop&quot;:&quot;180px&quot;,&quot;tablet&quot;:&quot;140px&quot;,&quot;mobile&quot;:&quot;100px&quot;},&quot;titleTypo&quot;:{&quot;fontSize&quot;:{&quot;desktop&quot;:25,&quot;tablet&quot;:20,&quot;mobile&quot;:15},&quot;fontWeight&quot;:700,&quot;lineHeight&quot;:&quot;135%&quot;},&quot;titleColor&quot;:&quot;#fff&quot;,&quot;titleMargin&quot;:{&quot;top&quot;:&quot;5px&quot;,&quot;right&quot;:&quot;0px&quot;,&quot;bottom&quot;:&quot;5px&quot;,&quot;left&quot;:&quot;0px&quot;},&quot;descTypo&quot;:{&quot;fontSize&quot;:{&quot;desktop&quot;:25,&quot;tablet&quot;:20,&quot;mobile&quot;:15},&quot;fontWeight&quot;:400,&quot;lineHeight&quot;:&quot;135%&quot;},&quot;descColor&quot;:&quot;#fff&quot;,&quot;descMargin&quot;:{&quot;top&quot;:&quot;5px&quot;,&quot;right&quot;:&quot;0px&quot;,&quot;bottom&quot;:&quot;5px&quot;,&quot;left&quot;:&quot;0px&quot;},&quot;btnTypo&quot;:{&quot;fontSize&quot;:{&quot;desktop&quot;:25,&quot;tablet&quot;:20,&quot;mobile&quot;:15},&quot;fontWeight&quot;:500,&quot;lineHeight&quot;:&quot;135%&quot;,&quot;textTransform&quot;:&quot;uppercase&quot;},&quot;btnColors&quot;:{&quot;color&quot;:&quot;#fff&quot;,&quot;bg&quot;:&quot;&quot;},&quot;btnHovColors&quot;:{&quot;color&quot;:&quot;#000&quot;,&quot;bg&quot;:&quot;#fff&quot;},&quot;btnPadding&quot;:{&quot;top&quot;:&quot;12px&quot;,&quot;right&quot;:&quot;25px&quot;,&quot;bottom&quot;:&quot;12px&quot;,&quot;left&quot;:&quot;25px&quot;},&quot;btnBorder&quot;:{&quot;color&quot;:&quot;#e1e1e1&quot;,&quot;style&quot;:&quot;solid&quot;,&quot;width&quot;:&quot;3px&quot;},&quot;btnRadius&quot;:&quot;0px&quot;,&quot;arrow&quot;:{&quot;visibility&quot;:true,&quot;size&quot;:48,&quot;color&quot;:&quot;rgba(255, 255, 255, 100)&quot;,&quot;bg&quot;:&quot;transparent&quot;},&quot;arrowWidth&quot;:&quot;50px&quot;,&quot;deviceArrowWidth&quot;:{&quot;desktop&quot;:&quot;50px&quot;,&quot;tablet&quot;:&quot;40px&quot;,&quot;mobile&quot;:&quot;30px&quot;},&quot;deviceArrowHeight&quot;:{&quot;desktop&quot;:&quot;50px&quot;,&quot;tablet&quot;:&quot;40px&quot;,&quot;mobile&quot;:&quot;30px&quot;},&quot;arrowHeight&quot;:&quot;50px&quot;,&quot;arrowRadius&quot;:{&quot;top&quot;:&quot;3px&quot;,&quot;bottom&quot;:&quot;3px&quot;,&quot;left&quot;:&quot;3px&quot;,&quot;right&quot;:&quot;3px&quot;},&quot;arrowStyle&quot;:&quot;style1&quot;,&quot;indicator&quot;:{&quot;visibility&quot;:true,&quot;type&quot;:&quot;default&quot;,&quot;style&quot;:&quot;&quot;,&quot;color&quot;:&quot;#000&quot;,&quot;activeColor&quot;:&quot;#fff&quot;,&quot;width&quot;:&quot;30px&quot;,&quot;height&quot;:&quot;3px&quot;,&quot;radius&quot;:&quot;0px&quot;,&quot;activeBorder&quot;:{&quot;color&quot;:&quot;#e1e1e1&quot;,&quot;style&quot;:&quot;solid&quot;,&quot;width&quot;:&quot;4px&quot;},&quot;moveFromEdge&quot;:&quot;-15px&quot;,&quot;position&quot;:&quot;bottom-center&quot;,&quot;direction&quot;:&quot;horizontal&quot;},&quot;SliderOverly&quot;:&quot;#00000088&quot;,&quot;direction&quot;:&quot;default&quot;,&quot;options&quot;:{&quot;interval&quot;:2000,&quot;ride&quot;:false,&quot;pause&quot;:false,&quot;height&quot;:400,&quot;shuffle&quot;:false},&quot;animation&quot;:&quot;default&quot;,&quot;position&quot;:&quot;bottom center&quot;,&quot;height&quot;:&quot;450px&quot;,&quot;sliderHeight&quot;:[],&quot;borderRadius&quot;:{&quot;top&quot;:&quot;3px&quot;,&quot;right&quot;:&quot;3px&quot;,&quot;bottom&quot;:&quot;3px&quot;,&quot;left&quot;:&quot;3px&quot;},&quot;margin&quot;:{&quot;top&quot;:&quot;0px&quot;,&quot;right&quot;:&quot;0px&quot;,&quot;bottom&quot;:&quot;0px&quot;,&quot;left&quot;:&quot;0px&quot;},&quot;isLazyLoad&quot;:false}'><\/div>\r\n\r\n\t\t","protected":false},"excerpt":{"rendered":"<p>LE BATISSEUR CAMEROUNAIS est une entreprise qui vous accompagne dans vos projets de construction neuve, d\u2019extension, de modification, de transformation, de r\u00e9novation et d\u2019am\u00e9nagement int\u00e9rieur&hellip;<\/p>\n","protected":false},"author":1,"featured_media":1337,"parent":0,"menu_order":0,"comment_status":"closed","ping_status":"closed","template":"","meta":{"footnotes":"","iawp_total_views":227},"_links":{"self":[{"href":"https:\/\/batcamer.com\/index.php\/wp-json\/wp\/v2\/pages\/1325"}],"collection":[{"href":"https:\/\/batcamer.com\/index.php\/wp-json\/wp\/v2\/pages"}],"about":[{"href":"https:\/\/batcamer.com\/index.php\/wp-json\/wp\/v2\/types\/page"}],"author":[{"embeddable":true,"href":"https:\/\/batcamer.com\/index.php\/wp-json\/wp\/v2\/users\/1"}],"replies":[{"embeddable":true,"href":"https:\/\/batcamer.com\/index.php\/wp-json\/wp\/v2\/comments?post=1325"}],"version-history":[{"count":5,"href":"https:\/\/batcamer.com\/index.php\/wp-json\/wp\/v2\/pages\/1325\/revisions"}],"predecessor-version":[{"id":1828,"href":"https:\/\/batcamer.com\/index.php\/wp-json\/wp\/v2\/pages\/1325\/revisions\/1828"}],"wp:featuredmedia":[{"embeddable":true,"href":"https:\/\/batcamer.com\/index.php\/wp-json\/wp\/v2\/media\/1337"}],"wp:attachment":[{"href":"https:\/\/batcamer.com\/index.php\/wp-json\/wp\/v2\/media?parent=1325"}],"curies":[{"name":"wp","href":"https:\/\/api.w.org\/{rel}","templated":true}]}}